e -10396 = -5*f + 4*j - j, 5*f + 4*j = 10382. Suppose 0 = -2*p + 4*p - f. Is p a composite number?
False
Let x = 24259 - 15802. Is x a composite number?
True
Suppose 40950 = 5*j - 2*j + 3*o, 0 = -4*j - 2*o + 54590. Is j a composite number?
True
Suppose b = 2*u - 3*u + 509, -3*u = 4*b - 1531. Is u composite?
True
Let u = -19132 + 53381. Is u a prime number?
False
Let r = 27 + -27. Suppose -2*x + 5 + 7 = r. Suppose 5*q = x*q - 59. Is q composite?
False
Suppose 3*j + 2*j = -m + 1802, -4*m - 3*j = -7293. Suppose -5*h + m = -11188. Is h composite?
True
Let n(z) = 494*z + 99. Is n(10) prime?
True
Let d(z) = z**2 + 3*z - 6. Let m be d(-5). Suppose -13 = m*j - 21. Suppose 0 = j*i + 5*f - 351, 5*i + 0*f = 5*f + 930. Is i a prime number?
False
Suppose 0 = -2*t - 3*r + 4*r + 5069, 4*t + 4*r - 10120 = 0. Is t a prime number?
False
Let x(r) be the second derivative of -25*r**4/12 + 11*r**3/6 - 5*r**2/2 + 2*r. Let c(d) = -13*d**2 + 6*d - 3. Let o(n) = 7*c(n) - 4*x(n). Is o(2) prime?
True
Let v(p) = -284*p + 19. Is v(-5) prime?
True
Suppose 5*v - 4*m = -856, -v + 3*m - 2*m = 172. Suppose 0 = -4*d - 0*z - 3*z - 472, 3*z + 357 = -3*d. Let p = d - v. Is p composite?
False
Let b(t) = 8*t - 18. Let y(h) = -h - 1. Let o(u) = b(u) - 3*y(u). Is o(6) a composite number?
True
Let u = 12666 - 8565. Is u a composite number?
True
Let r(b) = 2992*b - 49. Is r(6) composite?
False
Suppose 95 = 5*z - 10. Suppose 4*x = 3 + z. Suppose -j + x*j - 185 = 0. Is j composite?
False
Suppose 5*h - 15 = 0, -11*z + 9*z + 5681 = h. Is z composite?
True
Let k(i) = -5*i - 36 + 17 + 18 + i**2. Let u be k(6). Suppose -d - 2*l + 389 = -7*l, u*d = 4*l + 1945. Is d composite?
False
Let z be (10 - 9)*-1*9. Let l = z + 11. Is (2/l)/((-5)/(-1465)) composite?
False
Suppose 5*q = 4*a - 444 - 73, 15 = -3*q. Suppose -10*m + 10372 = 2682. Suppose 0 = 4*c - a - m. Is c prime?
True
Suppose -5*d + 8 - 32 = -4*r, -4*r = -d - 8. Let w be 1 - ((-12)/(-3))/r. Is -13*(96/w - -1) a prime number?
False
Suppose 6*t - 16 = 2*t. Suppose 0 = -t*l + 41 - 497. Let d = l + 165. Is d prime?
False
Suppose -4*z = -9*z - c + 21, -5*z + 2*c + 33 = 0. Suppose 0*h + z*h = 30. Suppose -2*y = -h*y + 1228. Is y prime?
True
Suppose 5*x + 3*l - 15632 = 0, -2*x - 7*l = -11*l - 6258. Is x composite?
True
Let o be (-10 - 6) + (-1 - -1). Let j = o + 28. Is j/20 - 1052/(-5) composite?
False
Let n(z) = 63*z**3 - 3*z - 1. Is n(2) composite?
True
Let y be (-10)/35 - (-1 - (-5791)/(-7)). Suppose -3*d + 633 = -y. Is d a composite number?
False
Suppose 9 = -3*w, -2*w = -4*y + w + 9845. Is y a prime number?
True
Let x(y) = 58*y - 175. Is x(41) composite?
False
Let k = -908 - -3229. Is k a composite number?
True
Is (-3)/(-12) + -3*(-898597)/84 prime?
False
Suppose -3*y - 5 = -14. Suppose -5*p + 1975 = 5*f, 1179 = -0*p + 3*p - y*f. Is p composite?
True
Let u be (4300/(-6))/((-5)/15). Let p = u - 691. Is p a prime number?
True
Let o(d) = 9*d**2 - 3*d + 13. Let u(p) = -9*p**2 + 2*p - 12. Let f(b) = 3*o(b) + 2*u(b). Is f(11) a prime number?
True
Let d(v) = 11*v**2 - 7*v - 1. Let i be d(3). Suppose 3*u + 224 = 4*u. Suppose -g + i = -u. Is g prime?
False
Suppose 4*q + 51 = 2*l - 7, 4*l - 128 = 2*q. Is 11/l + 65/3 a prime number?
False
Suppose 20 = -6*z - 4. Is z + 349 + (-1 - 3) composite?
True
Let s = 133 - -150. Let r = s - 156. Is r composite?
False
Suppose 4*t = -3*o + 38327, -38339 = -3*o - 0*o - t. Is o a composite number?
False
Let s = 6196 + -197. Is s a composite number?
True
Suppose 17 = -0*k - k + h, 0 = 4*k + 4*h + 36. Let z = k + 84. Is z prime?
True
Let y(d) = 19*d**2 - 7*d - 31. Is y(-14) composite?
True
Let t(q) be the first derivative of q - 46*q**2 - 6*q - 6*q + 13 - 6. Is t(-6) a prime number?
True
Let t = 31439 - 9628. Is t a composite number?
True
Let k(h) = 453*h + 7 - 7. Let c be k(1). Let d = -322 + c. Is d a prime number?
True
Let n(y) = y. Let u(r) = -164*r - 2. Let p(o) = -10*n(o) + u(o). Let a be p(-3). Suppose z = 4, -3*v - 2*z = a - 1539. Is v a prime number?
True
Let s = 6807 + -3310. Let l = s + -2116. Is l a composite number?
False
Let s be (-149 - -3)/(2/(-3))*-1. Suppose -4*t - y = -1268, -t = -4*t + 3*y + 936. Let v = s + t. Is v prime?
True
Let u(c) = 506*c**3 - 3*c. Let r be u(2). Suppose 0 = -x - a + r, 3*x + 2*x = -2*a + 20219. Is x prime?
False
Suppose 1504 = -49*p + 16645. Is p composite?
True
Let x(g) = -g + 211. Let d(h) = -h**2 + 14*h + 9. Let b be d(14). Suppose -b*q + 4*q = 0. Is x(q) prime?
True
Let v = -108 + 105. Is (-4 + 2 - -4) + (-6603)/v prime?
True
Suppose -29646 = 33*r - 36*r. Suppose 4*d = 5*y + 9917, 4*d = -4*y + 2*y + r. Is d composite?
False
Suppose -5*z = -18 + 8. Suppose 0 = -x - 4*w + 2736, -x + z*w = -199 - 2549. Suppose -x = -2*l - 1006. Is l a composite number?
True
Let y(d) = 2*d**3 + 7*d**2 + 3*d + 5. Let t be y(-5). Is (t + -1)/(2/(-1)) a prime number?
True
Let f(r) = -10*r - 50. Let u be f(-5). Suppose u = 2*m + 10, 0 = -3*c - 2*m - 4432 + 12543. Is c prime?
True
Let l be 130/15*6/4. Suppose -2*z = -l*z + 4609. Is z a prime number?
True
Suppose 2*c + 4*g = 2*g - 4, 2*c - 4*g = 20. Suppose -h - c*h + 555 = 0. Is h a prime number?
False
Let l(d) be the first derivative of 871*d**3/3 + 30. Is l(-1) a prime number?
False
Suppose 13*l - 6568 = 5*l. Is l prime?
True
Is ((-14)/28)/(1/(-9094)) a composite number?
False
Let m(h) be the second derivative of -10*h**3 - 3*h**2/2 - 2*h. Let p be (-5)/2 - (-4)/(-8). Is m(p) composite?
True
Let z = 26 - 23. Suppose 5*g = -2*i - 14, z = i - 3*g - 12. Suppose -434 = -5*j + i*c, 5*j + 106 - 543 = 4*c. Is j a prime number?
False
Suppose 9*z - 11*z = 0. Let l(w) = w**3 - w + 123. Is l(z) a prime number?
False
Let l be (-337)/2*(-8 + 6). Let i be -3 + (1 + 0)*7. Suppose -12 = i*b, -2*b - l - 115 = -2*r. Is r a composite number?
False
Suppose 104 = 5*r + 2*p - 210, -p + 317 = 5*r. Suppose 0 = 3*d - d - r. Let l = d - -26. Is l composite?
True
Let j(n) = -n**3 + 2*n**2 + 1. Let x be j(2). Let p be -1 - ((-2)/x + 57). Is p/(-2)*(-33)/(-12) a prime number?
False
Let m(f) be the second derivative of f**5/20 + 3*f**4/4 + f**3/6 + 5*f**2/2 + 7*f. Let l be m(-9). Is -541*(l + 0)/4 a composite number?
False
Is (-2)/((-54)/81 + (-14884)/(-22335)) a composite number?
True
Suppose 5*a - 371 = 2*n - 99, -4*n + 240 = 4*a. Suppose a*u = 55*u + 5779. Is u composite?
False
Let u(v) = -10*v**2 + 11*v + 95. Let y(i) = -2*i**2 + 2*i + 19. Let a(h) = 2*u(h) - 11*y(h). Suppose -4*k + 29 = -z, -k - z + 19 = k. Is a(k) composite?
False
Suppose 26*b = 21*b + 5205. Is b a prime number?
False
Let g(j) = 79*j**2 + 81*j + 25. Is g(12) composite?
False
Let x(q) be the first derivative of 7*q**4/2 - q**3/3 + 2*q + 531. Let z = 8 - 5. Is x(z) a prime number?
False
Let m(o) = 31*o**2 - 40*o - 37*o + 11 + 72*o. Is m(-6) a prime number?
False
Is ((-150)/375)/(566384/(-283190) + 2) prime?
True
Suppose m - 3*o - 4058 = 0, 2*m + 4*o = 7087 + 999. Is m prime?
True
Suppose -2*z = z - 2991. Suppose -a + 9 + z = 0. Is a a composite number?
True
Let t = -27 + 19. Let o = -12 - t. Is (-489)/(-2)*(o - -6) prime?
False
Let j(r) = r**3 + 6*r**2 - 7*r - 4. Let c be j(-7). Let a be 12/(-9)*12/c. Suppose 10 = 5*b, -4*t + 96 + 156 = -a*b. Is t a composite number?
True
Suppose 5*i - 4*k = i - 4, 5*i + 3*k - 3 = 0. Suppose 2*h - 7*h + 3850 = i. Suppose d + h = 5*l - 1561, 3*l + 5*d = 1421. Is l composite?
False
Let q be 5*(-1 - (0 - 2)). Suppose 3*i - 300 = -q*r, -2*i - 124 = -2*r - 4*i. Suppose r = 4*k - k. Is k a composite number?
False
Suppose i + 43*i - 1097228 = 0. Is i composite?
True
Is 646445*(-7)/(-280) + 1/(-8) a prime number?
False
Suppose -20 = 3*s - 11. Is (-24829)/(-35) + s + 52/20 prime?
True
Suppose 0 = 11*j - 0*j + 220. Is ((-8)/j)/((-8)/(-5860)) composite?
False
Suppose -51*k + 1424914 = 31*k. Is k a prime number?
True
Suppose 2*v - 3*v = 10. Let r be -6*3/6 + -22. Is (-6)/v - 1460/r a prime number?
True
Let s(r) = -4*r + 100. Let k be s(24). Suppose -k*z = -4*b - 3472, 2*z - 4*b + 873 = 3*z. Is z composite?
True
Let c(z) = 27*z - 4. Let r(p) be the second derivative of -41*p**3/3 + 11*p**2/2 - 2*p. Let j(d) = 8*c(d) + 3*r(d). Is j(-3) prime?
False
Is 2/(-5) - (36487/(-55) + 10) a prime number?
True
Is ((-28995)/90)/((-3)/198) a prime number?
False
Let n = 448 - 193. Let y = -115 